{"id":7352,"date":"2025-05-04T16:58:38","date_gmt":"2025-05-04T19:58:38","guid":{"rendered":"https:\/\/www.santaluciacrematorio.com.uy\/?page_id=7352"},"modified":"2025-09-05T16:01:41","modified_gmt":"2025-09-05T19:01:41","slug":"inicio","status":"publish","type":"page","link":"https:\/\/www.santaluciacrematorio.com.uy\/","title":{"rendered":"Inicio"},"content":{"rendered":"\n<section\n  id=\"inicio\"\n  class=\"slc-hero\"\n  aria-label=\"Presentaci\u00f3n de Santa Luc\u00eda Crematorio\"\n>\n  <video\n    class=\"slc-hero-video\"\n    autoplay\n    loop\n    muted\n    playsinline\n    disablePictureInPicture\n    preload=\"auto\"\n    webkit-playsinline=\"true\"\n    x-webkit-airplay=\"allow\"\n    x5-video-player-type=\"h5\"\n    x5-video-player-fullscreen=\"true\"\n    x5-video-orientation=\"portrait\"\n    controlslist=\"nodownload noremoteplayback noplaybackrate\"\n  >\n    <source\n      src=\"https:\/\/www.santaluciacrematorio.com.uy\/wp-content\/uploads\/2025\/09\/santa-lucia-crematorio-presentacion-web-03.mp4\"\n      type=\"video\/mp4\"\n    \/>\n    Tu navegador no soporta video HTML5 &#8211; Santa Luc\u00eda Crematorio\n  <\/video>\n<\/section>\n\n\n\n<section class=\"presentacion-section\" id=\"presentacion\">\n  <div class=\"container\">\n    <div class=\"presentacion-grid\">\n      <div class=\"video-container\">\n        <video\n          autoplay\n          loop\n          muted\n          playsinline\n          disablePictureInPicture\n          preload=\"auto\"\n          webkit-playsinline=\"true\"\n          x-webkit-airplay=\"allow\"\n          x5-video-player-type=\"h5\"\n          x5-video-player-fullscreen=\"true\"\n          controlslist=\"nodownload noremoteplayback noplaybackrate\"\n        >\n          <source\n            src=\"https:\/\/www.santaluciacrematorio.com.uy\/wp-content\/uploads\/2025\/09\/santa-lucia-crematorio-presentacion-web.mp4\"\n            type=\"video\/mp4\"\n          \/>\n          Tu navegador no soporta video HTML5.\n        <\/video>\n      <\/div>\n      <div class=\"presentacion-content\">\n        <h2>Despedidas en un entorno natural<\/h2>\n        <p>\n          Un espacio pensado para quienes buscan una ceremonia personalizada, en\n          armon\u00eda con la naturaleza.\n        <\/p>\n\n        <p>\n          En la desembocadura del R\u00edo Santa Luc\u00eda, donde sus aguas se encuentran\n          con el R\u00edo de la Plata, en medio de la inmensidad del paisaje, se erige\n          una monumental obra de arquitectura, en un c\u00e1lido entorno natural y\n          sereno a 20 minutos del centro de Montevideo.\n        <\/p>\n\n        <a href=\"#contacto\" class=\"cta-button\">Solicitar informaci\u00f3n<\/a>\n      <\/div>\n    <\/div>\n  <\/div>\n<\/section>\n\n\n\n<section class=\"nosotros-section\" id=\"nosotros\">\n  <div class=\"container\">\n    <div class=\"content\">\n      <h2>\u00bfQu\u00e9 hace \u00fanico a nuestro crematorio?<\/h2>\n      <p>\n        Los tiempos cambian. La gente cambia. Las tradiciones cambian, sin dejar\n        de lado lo m\u00e1s profundo de su contenido.\n      <\/p>\n      <p>\n        Santa Luc\u00eda es <b>mucho m\u00e1s que un crematorio:<\/b> es un homenaje a nuestro v\u00ednculo con la naturaleza, aportando a la vez lo necesario para ritos funerarios, posterior cremaci\u00f3n y conservaci\u00f3n de las cenizas o esparcimiento de las mismas en el lugar elegido por los familiares.\n      <\/p>\n      <p>\n        <a href=\"#ceremonia\">Conoc\u00e9 m\u00e1s sobre c\u00f3mo se desarrolla la ceremonia en Santa Luc\u00eda<\/a>.\n      <\/p>\n    <\/div>\n    <div class=\"image-container\">\n      <img decoding=\"async\"\n        src=\"https:\/\/www.santaluciacrematorio.com.uy\/wp-content\/uploads\/2023\/04\/4-.-PLACITA-con-logo.jpg\"\n        alt=\"Jard\u00edn en Santa Luc\u00eda Crematorio\"\n      \/>\n    <\/div>\n  <\/div>\n<\/section>\n\n\n\n<section class=\"ceremonia-section\" id=\"ceremonia\">\n  <div class=\"container\">\n    <div class=\"ceremonia-grid\">\n      <div class=\"ceremonia-image\">\n        <img decoding=\"async\"\n          src=\"https:\/\/www.santaluciacrematorio.com.uy\/wp-content\/uploads\/2023\/04\/DSC_1831.jpeg\"\n          alt=\"Ceremonia de despedida en Santa Luc\u00eda Crematorio\"\n          class=\"ceremonia-img\"\n        \/>\n      <\/div>\n\n      <div class=\"ceremonia-content\">\n        <h2 class=\"ceremonia-title\">\n          La ceremonia en Santa Luc\u00eda Crematorio\n        <\/h2>\n        <p>\n          En Santa Luc\u00eda Crematorio, cada despedida se adapta a las creencias, valores y deseos de quienes eligen Santa Luc\u00eda Crematorio para brindar un homenaje personalizado.\n        <\/p>\n\n        <div class=\"ceremonia-accordion\">\n          <div class=\"ceremonia-item\">\n            <input type=\"checkbox\" id=\"item1\" class=\"ceremonia-input\" \/>\n            <label for=\"item1\" class=\"ceremonia-label\">\n              <span class=\"ceremonia-icon\">+<\/span>\n              <span>Comienzo<\/span>\n            <\/label>\n            <div class=\"ceremonia-panel\">\n              <h3>Inicio de la ceremonia<\/h3>\n              <p>\n                La despedida comienza desde el momento de llegada a Santa Luc\u00eda Crematorio, pudiendo llevarse a cabo un oficio religioso o pronunciamientos de palabras alusivas.\n              <\/p>\n              <p>\n                Durante la cremaci\u00f3n, se puede compartir un momento de recogimiento, recuerdos, videos o m\u00fasica elegida por los familiares.\n              <\/p>\n            <\/div>\n          <\/div>\n\n          <div class=\"ceremonia-item\">\n            <input type=\"checkbox\" id=\"item2\" class=\"ceremonia-input\" \/>\n            <label for=\"item2\" class=\"ceremonia-label\">\n              <span class=\"ceremonia-icon\">+<\/span>\n              <span>Culminaci\u00f3n de la cremaci\u00f3n<\/span>\n            <\/label>\n            <div class=\"ceremonia-panel\">\n              <h3>Entrega de cenizas<\/h3>\n              <p>\n                Los familiares podr\u00e1n disponer de las cenizas al culminar la cremaci\u00f3n.\n              <\/p>\n              <p>Santa Luc\u00eda Crematorio proporciona diferentes opciones:<\/p>\n              <ul>\n                <li>Traslado para depositar la urna en el lugar elegido.<\/li>\n                <li>Esparcimiento de cenizas desde avioneta.<\/li>\n                <li>Traslado fluvial desde la marina de Santa Luc\u00eda al mar.<\/li>\n              <\/ul>\n            <\/div>\n          <\/div>\n\n          <div class=\"ceremonia-item\">\n            <input type=\"checkbox\" id=\"item3\" class=\"ceremonia-input\" \/>\n            <label for=\"item3\" class=\"ceremonia-label\">\n              <span class=\"ceremonia-icon\">+<\/span>\n              <span>Experiencia y respeto<\/span>\n            <\/label>\n            <div class=\"ceremonia-panel\">\n              <h3>Atenci\u00f3n profesional<\/h3>\n              <p>\n                En Santa Luc\u00eda Crematorio encontrar\u00e1 atenci\u00f3n respetuosa y personalizada, con un equipo humano con d\u00e9cadas de experiencia en servicios funerarios.\n              <\/p>\n            <\/div>\n          <\/div>\n\n          <div class=\"ceremonia-item\">\n            <input type=\"checkbox\" id=\"item4\" class=\"ceremonia-input\" \/>\n            <label for=\"item4\" class=\"ceremonia-label\">\n              <span class=\"ceremonia-icon\">+<\/span>\n              <span>Trayectoria<\/span>\n            <\/label>\n            <div class=\"ceremonia-panel\">\n              <h3>Respaldo institucional<\/h3>\n              <p>\n                Con el respaldo de Carlos Sicco S.A. y m\u00e1s de 145 a\u00f1os de trayectoria, ofrecemos servicios que respetan todas las creencias, adaptando cada ceremonia a la filosof\u00eda de cada familia.\n              <\/p>\n            <\/div>\n          <\/div>\n        <\/div>\n      <\/div>\n    <\/div>\n  <\/div>\n<\/section>\n\n\n\n<section\n  class=\"lugar-unico-section\"\n  id=\"galeria\"\n  itemscope\n  itemtype=\"https:\/\/schema.org\/TouristAttraction\"\n>\n  <div class=\"container\">\n    <h2 class=\"section-title\" itemprop=\"name\">\n      Crematorio Santa Luc\u00eda: Un Lugar \u00danico\n    <\/h2>\n\n    <div class=\"lugar-descripcion\" itemprop=\"description\">\n      <p>\n        Ubicado en el km 27.500 de la ruta 1, a solo 20 minutos del centro de\n        Montevideo, <strong>Crematorio Santa Luc\u00eda<\/strong> se encuentra en un\n        predio de 6 hect\u00e1reas sobre el R\u00edo de la Plata, en la desembocadura del\n        R\u00edo Santa Luc\u00eda, dentro de la\n        <strong\n          >Reserva Natural de Aves Migratorias Marinas de Playa Penino<\/strong\n        >.\n      <\/p>\n      <p>\n        En este entorno natural privilegiado, la despedida de los seres queridos\n        se convierte en un acto de armon\u00eda con la naturaleza, rodeados de los\n        cuatro elementos: tierra, agua, aire y fuego.\n      <\/p>\n      <p>\n        Nuestras instalaciones, dise\u00f1adas por el reconocido arquitecto\n        <strong>Samuel Flores Flores<\/strong>, representan una obra maestra de\n        la arquitectura contempor\u00e1nea, ofreciendo un marco inigualable que\n        simboliza la vida y la trascendencia.\n      <\/p>\n    <\/div>\n\n    <div\n      class=\"galeria-grid\"\n      role=\"region\"\n      aria-label=\"Galer\u00eda de im\u00e1genes del crematorio\"\n    >\n      <div\n        class=\"galeria-item\"\n        itemscope\n        itemtype=\"https:\/\/schema.org\/ImageObject\"\n      >\n        <img decoding=\"async\"\n          src=\"https:\/\/www.santaluciacrematorio.com.uy\/wp-content\/uploads\/2023\/04\/ret-scaled.jpg\"\n          alt=\"Vista panor\u00e1mica de Santa Luc\u00eda Crematorio\"\n          class=\"galeria-img\"\n          itemprop=\"image\"\n        \/>\n        <div class=\"galeria-overlay\">\n          <div class=\"galeria-info\">\n            <h3>Vista Panor\u00e1mica<\/h3>\n            <p>Entorno natural \u00fanico en la costa uruguaya<\/p>\n          <\/div>\n        <\/div>\n      <\/div>\n\n      <div\n        class=\"galeria-item\"\n        itemscope\n        itemtype=\"https:\/\/schema.org\/ImageObject\"\n      >\n        <img decoding=\"async\"\n          src=\"https:\/\/www.santaluciacrematorio.com.uy\/wp-content\/uploads\/2023\/04\/PC130208ret-scaled.jpg\"\n          alt=\"Arquitectura moderna de Santa Luc\u00eda Crematorio\"\n          class=\"galeria-img\"\n          itemprop=\"image\"\n        \/>\n        <div class=\"galeria-overlay\">\n          <div class=\"galeria-info\">\n            <h3>Dise\u00f1o Arquitect\u00f3nico<\/h3>\n            <p>Obra del reconocido arquitecto Samuel Flores Flores<\/p>\n          <\/div>\n        <\/div>\n      <\/div>\n\n      <div\n        class=\"galeria-item\"\n        itemscope\n        itemtype=\"https:\/\/schema.org\/ImageObject\"\n      >\n        <img decoding=\"async\"\n          src=\"https:\/\/www.santaluciacrematorio.com.uy\/wp-content\/uploads\/2023\/04\/IMG_6418-scaled.jpg\"\n          alt=\"Reserva natural junto a Santa Luc\u00eda Crematorio\"\n          class=\"galeria-img\"\n          itemprop=\"image\"\n        \/>\n        <div class=\"galeria-overlay\">\n          <div class=\"galeria-info\">\n            <h3>Reserva Natural<\/h3>\n            <p>6 hect\u00e1reas de flora y fauna aut\u00f3ctona protegida<\/p>\n          <\/div>\n        <\/div>\n      <\/div>\n\n      <div\n        class=\"galeria-item\"\n        itemscope\n        itemtype=\"https:\/\/schema.org\/ImageObject\"\n      >\n        <img decoding=\"async\"\n          src=\"https:\/\/www.santaluciacrematorio.com.uy\/wp-content\/uploads\/2023\/04\/P3140042ret.jpeg\"\n          alt=\"Vista del acceso principal a Santa Luc\u00eda Crematorio\"\n          class=\"galeria-img\"\n          itemprop=\"image\"\n        \/>\n        <div class=\"galeria-overlay\">\n          <div class=\"galeria-info\">\n            <h3>Acceso Principal<\/h3>\n            <p>Bienvenida en un entorno de paz y tranquilidad<\/p>\n          <\/div>\n        <\/div>\n      <\/div>\n\n      <div\n        class=\"galeria-item\"\n        itemscope\n        itemtype=\"https:\/\/schema.org\/ImageObject\"\n      >\n        <img decoding=\"async\"\n          src=\"https:\/\/www.santaluciacrematorio.com.uy\/wp-content\/uploads\/2023\/04\/DSC_1869.jpeg\"\n          alt=\"Arquitectura de Santa Luc\u00eda Crematorio integrada al paisaje\"\n          class=\"galeria-img\"\n          itemprop=\"image\"\n        \/>\n        <div class=\"galeria-overlay\">\n          <div class=\"galeria-info\">\n            <h3>Arquitectura en Armon\u00eda<\/h3>\n            <p>Dise\u00f1o que se integra perfectamente con el entorno<\/p>\n          <\/div>\n        <\/div>\n      <\/div>\n\n      <div\n        class=\"galeria-item\"\n        itemscope\n        itemtype=\"https:\/\/schema.org\/ImageObject\"\n      >\n        <img decoding=\"async\"\n          src=\"https:\/\/www.santaluciacrematorio.com.uy\/wp-content\/uploads\/2023\/04\/IMG_6378-scaled.jpg\"\n          alt=\"Vista a\u00e9rea de Santa Luc\u00eda Crematorio y su entorno natural\"\n          class=\"galeria-img\"\n          itemprop=\"image\"\n        \/>\n        <div class=\"galeria-overlay\">\n          <div class=\"galeria-info\">\n            <h3>Perspectiva A\u00e9rea<\/h3>\n            <p>\n              Ubicaci\u00f3n privilegiada en la desembocadura del R\u00edo Santa Luc\u00eda\n            <\/p>\n          <\/div>\n        <\/div>\n      <\/div>\n    <\/div>\n  <\/div>\n<\/section>\n\n\n\n<p><\/p>\n","protected":false},"excerpt":{"rendered":"<p>Tu navegador no soporta video HTML5 &#8211; Santa Luc\u00eda Crematorio Tu navegador no soporta video HTML5. Despedidas en un entorno natural Un espacio pensado para quienes buscan una ceremonia personalizada, en armon\u00eda con la naturaleza. En la desembocadura del R\u00edo Santa Luc\u00eda, donde sus aguas se encuentran con el R\u00edo de la Plata, en medio &#8230; <a title=\"Inicio\" class=\"read-more\" href=\"https:\/\/www.santaluciacrematorio.com.uy\/\" aria-label=\"Leer m\u00e1s sobre Inicio\">Leer m\u00e1s<\/a><\/p>\n","protected":false},"author":3,"featured_media":0,"parent":0,"menu_order":0,"comment_status":"closed","ping_status":"closed","template":"","meta":{"footnotes":""},"class_list":["post-7352","page","type-page","status-publish"],"_links":{"self":[{"href":"https:\/\/www.santaluciacrematorio.com.uy\/index.php?rest_route=\/wp\/v2\/pages\/7352","targetHints":{"allow":["GET"]}}],"collection":[{"href":"https:\/\/www.santaluciacrematorio.com.uy\/index.php?rest_route=\/wp\/v2\/pages"}],"about":[{"href":"https:\/\/www.santaluciacrematorio.com.uy\/index.php?rest_route=\/wp\/v2\/types\/page"}],"author":[{"embeddable":true,"href":"https:\/\/www.santaluciacrematorio.com.uy\/index.php?rest_route=\/wp\/v2\/users\/3"}],"replies":[{"embeddable":true,"href":"https:\/\/www.santaluciacrematorio.com.uy\/index.php?rest_route=%2Fwp%2Fv2%2Fcomments&post=7352"}],"version-history":[{"count":35,"href":"https:\/\/www.santaluciacrematorio.com.uy\/index.php?rest_route=\/wp\/v2\/pages\/7352\/revisions"}],"predecessor-version":[{"id":7410,"href":"https:\/\/www.santaluciacrematorio.com.uy\/index.php?rest_route=\/wp\/v2\/pages\/7352\/revisions\/7410"}],"wp:attachment":[{"href":"https:\/\/www.santaluciacrematorio.com.uy\/index.php?rest_route=%2Fwp%2Fv2%2Fmedia&parent=7352"}],"curies":[{"name":"wp","href":"https:\/\/api.w.org\/{rel}","templated":true}]}}